{"id":153,"date":"2025-06-01T20:39:23","date_gmt":"2025-06-01T18:39:23","guid":{"rendered":"https:\/\/darfis.cz\/?page_id=153"},"modified":"2026-03-29T13:41:34","modified_gmt":"2026-03-29T11:41:34","slug":"o-me","status":"publish","type":"page","link":"https:\/\/darfis.cz\/?page_id=153","title":{"rendered":"O m\u011b&#8230;"},"content":{"rendered":"\n<p class=\"has-medium-font-size\">V\u00edtejte na m\u00fdch webov\u00fdch str\u00e1nk\u00e1ch, na kter\u00fdch se dozv\u00edte jak\u00e9 slu\u017eby nab\u00edz\u00edm.  Pedik\u00fa\u0159e a manik\u00fa\u0159e se v\u011bnuji v\u00edce ne\u017e 3 roky, z toho od roku 2025 profesion\u00e1ln\u011b po absolvov\u00e1n\u00ed kurzu s certifik\u00e1ty.  <\/p>\n\n\n\n<p class=\"has-medium-font-size\">V m\u00e9 nab\u00eddce naleznete mobiln\u00ed pedik\u00faru, kter\u00e9 se v\u011bnuji prim\u00e1rn\u011b. Jezd\u00edm vlastn\u00edm vozem za klienty a\u017e dom\u016f. Tato slu\u017eba je pro jednoho a\u017e p\u011bt \u010dlen\u016f rodiny nebo p\u0159\u00e1tel najednou. <\/p>\n\n\n\n<figure class=\"wp-block-image size-large\"><img loading=\"lazy\" decoding=\"async\" width=\"1024\" height=\"757\" src=\"http:\/\/darfis.cz\/wp-content\/uploads\/2025\/06\/Obrazek-WhatsApp-2025-06-01-v-20.08.54_60dfb845-1024x757.jpg\" alt=\"\" class=\"wp-image-136\" srcset=\"https:\/\/darfis.cz\/wp-content\/uploads\/2025\/06\/Obrazek-WhatsApp-2025-06-01-v-20.08.54_60dfb845-1024x757.jpg 1024w, https:\/\/darfis.cz\/wp-content\/uploads\/2025\/06\/Obrazek-WhatsApp-2025-06-01-v-20.08.54_60dfb845-350x259.jpg 350w, https:\/\/darfis.cz\/wp-content\/uploads\/2025\/06\/Obrazek-WhatsApp-2025-06-01-v-20.08.54_60dfb845-300x222.jpg 300w, https:\/\/darfis.cz\/wp-content\/uploads\/2025\/06\/Obrazek-WhatsApp-2025-06-01-v-20.08.54_60dfb845-768x568.jpg 768w, https:\/\/darfis.cz\/wp-content\/uploads\/2025\/06\/Obrazek-WhatsApp-2025-06-01-v-20.08.54_60dfb845.jpg 1366w\" sizes=\"auto, (max-width: 767px) 89vw, (max-width: 1000px) 54vw, (max-width: 1071px) 543px, 580px\" \/><\/figure>\n\n\n\n<p class=\"has-medium-font-size\"><\/p>\n","protected":false},"excerpt":{"rendered":"<p>V\u00edtejte na m\u00fdch webov\u00fdch str\u00e1nk\u00e1ch, na kter\u00fdch se dozv\u00edte jak\u00e9 slu\u017eby nab\u00edz\u00edm. Pedik\u00fa\u0159e a manik\u00fa\u0159e se v\u011bnuji v\u00edce ne\u017e 3 roky, z toho od roku 2025 profesion\u00e1ln\u011b po absolvov\u00e1n\u00ed kurzu s certifik\u00e1ty. V m\u00e9 nab\u00eddce naleznete mobiln\u00ed pedik\u00faru, kter\u00e9 se v\u011bnuji prim\u00e1rn\u011b. Jezd\u00edm vlastn\u00edm vozem za klienty a\u017e dom\u016f. Tato slu\u017eba je pro jednoho a\u017e &hellip; <\/p>\n<p class=\"link-more\"><a href=\"https:\/\/darfis.cz\/?page_id=153\" class=\"more-link\">Pokra\u010dovat ve \u010dten\u00ed<span class=\"screen-reader-text\"> &#8222;O m\u011b&#8230;&#8220;<\/span><\/a><\/p>\n","protected":false},"author":1,"featured_media":0,"parent":0,"menu_order":0,"comment_status":"closed","ping_status":"closed","template":"","meta":{"footnotes":""},"class_list":["post-153","page","type-page","status-publish","hentry"],"_links":{"self":[{"href":"https:\/\/darfis.cz\/index.php?rest_route=\/wp\/v2\/pages\/153","targetHints":{"allow":["GET"]}}],"collection":[{"href":"https:\/\/darfis.cz\/index.php?rest_route=\/wp\/v2\/pages"}],"about":[{"href":"https:\/\/darfis.cz\/index.php?rest_route=\/wp\/v2\/types\/page"}],"author":[{"embeddable":true,"href":"https:\/\/darfis.cz\/index.php?rest_route=\/wp\/v2\/users\/1"}],"replies":[{"embeddable":true,"href":"https:\/\/darfis.cz\/index.php?rest_route=%2Fwp%2Fv2%2Fcomments&post=153"}],"version-history":[{"count":7,"href":"https:\/\/darfis.cz\/index.php?rest_route=\/wp\/v2\/pages\/153\/revisions"}],"predecessor-version":[{"id":344,"href":"https:\/\/darfis.cz\/index.php?rest_route=\/wp\/v2\/pages\/153\/revisions\/344"}],"wp:attachment":[{"href":"https:\/\/darfis.cz\/index.php?rest_route=%2Fwp%2Fv2%2Fmedia&parent=153"}],"curies":[{"name":"wp","href":"https:\/\/api.w.org\/{rel}","templated":true}]}}