{"id":303,"date":"2025-06-29T20:20:43","date_gmt":"2025-06-29T18:20:43","guid":{"rendered":"https:\/\/darfis.cz\/?page_id=303"},"modified":"2025-07-09T21:49:28","modified_gmt":"2025-07-09T19:49:28","slug":"cenik-manikura","status":"publish","type":"page","link":"https:\/\/darfis.cz\/?page_id=303","title":{"rendered":"Cen\u00edk manik\u00fara"},"content":{"rendered":"\n<p>Manik\u00faru prov\u00e1d\u00edm pouze ve sv\u00e9m studiu.<\/p>\n\n\n\n<div class=\"wp-block-columns is-layout-flex wp-container-core-columns-is-layout-9d6595d7 wp-block-columns-is-layout-flex\">\n<div class=\"wp-block-column is-layout-flow wp-block-column-is-layout-flow\" style=\"flex-basis:66.66%\">\n<ul class=\"wp-block-list\">\n<li class=\"has-medium-font-size\"><strong>Manik\u00fara<\/strong>\n<ul class=\"wp-block-list\">\n<li class=\"has-small-font-size\">odstran\u011bn\u00ed star\u00e9ho laku (pokud bude pot\u0159eba), \u00faprava d\u00e9lky neht\u016f, \u00faprava k\u016f\u017ei\u010dky, vyle\u0161t\u011bn\u00ed nehtov\u00e9 plot\u00e9nky, aplikace v\u00fd\u017eivn\u00fdm vitam\u00ednov\u00fdm p\u0159\u00edpravkem<\/li>\n<\/ul>\n<\/li>\n<\/ul>\n<\/div>\n\n\n\n<div class=\"wp-block-column is-layout-flow wp-block-column-is-layout-flow\" style=\"flex-basis:33.33%\">\n<p class=\"has-medium-font-size\"><strong>200,-<\/strong> <strong>K\u010d<\/strong><\/p>\n<\/div>\n<\/div>\n\n\n\n<div class=\"wp-block-columns is-layout-flex wp-container-core-columns-is-layout-9d6595d7 wp-block-columns-is-layout-flex\">\n<div class=\"wp-block-column is-layout-flow wp-block-column-is-layout-flow\" style=\"flex-basis:66.66%\">\n<ul class=\"wp-block-list\">\n<li class=\"has-medium-font-size\"><strong>P-Shine<\/strong>\n<ul class=\"wp-block-list\">\n<li class=\"has-small-font-size\">Japonsk\u00e1 p\u00e9\u010de o nehty, kter\u00e1 podpo\u0159\u00ed prokrven\u00ed a zdrav\u00fd r\u016fst neht\u016f<\/li>\n<\/ul>\n<\/li>\n<\/ul>\n<\/div>\n\n\n\n<div class=\"wp-block-column is-layout-flow wp-block-column-is-layout-flow\" style=\"flex-basis:33.33%\">\n<p class=\"has-medium-font-size\"><strong>300,- K\u010d<\/strong><\/p>\n<\/div>\n<\/div>\n\n\n\n<div class=\"wp-block-columns is-layout-flex wp-container-core-columns-is-layout-9d6595d7 wp-block-columns-is-layout-flex\">\n<div class=\"wp-block-column is-layout-flow wp-block-column-is-layout-flow\" style=\"flex-basis:66.66%\">\n<ul class=\"wp-block-list\">\n<li class=\"has-medium-font-size\"><strong>Gelov\u00e1 model\u00e1\u017e<\/strong>\n<ul class=\"wp-block-list\">\n<li class=\"has-small-font-size\">odstran\u011bn\u00ed star\u00e9ho laku (pokud bude pot\u0159eba), \u00faprava d\u00e9lky neht\u016f pomoc\u00ed tipu nebo dual formy, \u00faprava k\u016f\u017ei\u010dky, model\u00e1\u017e neht\u016f gelem nebo polygelem, lakov\u00e1n\u00ed a zdoben\u00ed neht\u016f, vytvrzen\u00ed pomoc\u00ed UV lampy<\/li>\n<\/ul>\n<\/li>\n<\/ul>\n<\/div>\n\n\n\n<div class=\"wp-block-column is-layout-flow wp-block-column-is-layout-flow\" style=\"flex-basis:33.33%\">\n<p class=\"has-medium-font-size\"><strong>550,- K\u010d<\/strong><\/p>\n<\/div>\n<\/div>\n\n\n\n<div class=\"wp-block-columns is-layout-flex wp-container-core-columns-is-layout-9d6595d7 wp-block-columns-is-layout-flex\">\n<div class=\"wp-block-column is-layout-flow wp-block-column-is-layout-flow\" style=\"flex-basis:66.66%\">\n<ul class=\"wp-block-list\">\n<li class=\"has-medium-font-size\"><strong>Zdoben\u00ed neht\u016f<\/strong>\n<ul class=\"wp-block-list\">\n<li class=\"has-small-font-size\">Francie, ombre, kam\u00ednky, n\u00e1lepky apod.<\/li>\n<\/ul>\n<\/li>\n<\/ul>\n<\/div>\n\n\n\n<div class=\"wp-block-column is-layout-flow wp-block-column-is-layout-flow\" style=\"flex-basis:33.33%\">\n<p class=\"has-medium-font-size\"><strong>100,- K\u010d<\/strong><\/p>\n<\/div>\n<\/div>\n\n\n<div class=\"wp-block-image\">\n<figure class=\"aligncenter size-full is-resized\"><img loading=\"lazy\" decoding=\"async\" width=\"500\" height=\"290\" src=\"http:\/\/darfis.cz\/wp-content\/uploads\/2025\/05\/section7-img1.jpg\" alt=\"\" class=\"wp-image-30\" style=\"width:600px\" srcset=\"https:\/\/darfis.cz\/wp-content\/uploads\/2025\/05\/section7-img1.jpg 500w, https:\/\/darfis.cz\/wp-content\/uploads\/2025\/05\/section7-img1-350x203.jpg 350w, https:\/\/darfis.cz\/wp-content\/uploads\/2025\/05\/section7-img1-300x174.jpg 300w\" sizes=\"auto, (max-width: 500px) 100vw, 500px\" \/><\/figure>\n<\/div>","protected":false},"excerpt":{"rendered":"<p>Manik\u00faru prov\u00e1d\u00edm pouze ve sv\u00e9m studiu. 200,- K\u010d 300,- K\u010d 550,- K\u010d 100,- K\u010d<\/p>\n","protected":false},"author":1,"featured_media":0,"parent":0,"menu_order":0,"comment_status":"closed","ping_status":"closed","template":"","meta":{"footnotes":""},"class_list":["post-303","page","type-page","status-publish","hentry"],"_links":{"self":[{"href":"https:\/\/darfis.cz\/index.php?rest_route=\/wp\/v2\/pages\/303","targetHints":{"allow":["GET"]}}],"collection":[{"href":"https:\/\/darfis.cz\/index.php?rest_route=\/wp\/v2\/pages"}],"about":[{"href":"https:\/\/darfis.cz\/index.php?rest_route=\/wp\/v2\/types\/page"}],"author":[{"embeddable":true,"href":"https:\/\/darfis.cz\/index.php?rest_route=\/wp\/v2\/users\/1"}],"replies":[{"embeddable":true,"href":"https:\/\/darfis.cz\/index.php?rest_route=%2Fwp%2Fv2%2Fcomments&post=303"}],"version-history":[{"count":9,"href":"https:\/\/darfis.cz\/index.php?rest_route=\/wp\/v2\/pages\/303\/revisions"}],"predecessor-version":[{"id":334,"href":"https:\/\/darfis.cz\/index.php?rest_route=\/wp\/v2\/pages\/303\/revisions\/334"}],"wp:attachment":[{"href":"https:\/\/darfis.cz\/index.php?rest_route=%2Fwp%2Fv2%2Fmedia&parent=303"}],"curies":[{"name":"wp","href":"https:\/\/api.w.org\/{rel}","templated":true}]}}